8*y - s = -f. What are the prime factors of y?
113
Let l(b) = -36*b**3 + 4*b - 108*b**3 + 0 - 35*b**3 + 3*b**2 + 2. Suppose 4*f = -387 + 383. What are the prime factors of l(f)?
2, 3, 5
Suppose 0 = 3*w - 3*n - 33075, 31516 = 3*w + 3*n - 1553. What are the prime factors of w?
2, 13, 53
Suppose -m - 185*q + 8625 = -189*q, -5*m - 2*q + 43235 = 0. List the prime factors of m.
5, 7, 13, 19
Let c be (10 - -2)*538/12*3. Suppose -2*z + m + c = 0, -5*z + 5*m - 73 = -4118. List the prime factors of z.
5, 7, 23
Suppose 2*y = -7*l + 6*l - 523, 0 = -3*y - l - 784. Let b = 766 - y. What are the prime factors of b?
13, 79
Suppose -139*l + 138*l + 72424 = -w, -362121 = -5*l + 4*w. List the prime factors of l.
5, 2897
Suppose -5*n + 1290 = 5*b, -2*n + 1290 = 5*b - n. Suppose 3267 = 17*h + b. What are the prime factors of h?
3, 59
Let o(i) = i - 19. Suppose -6 = -5*b + 2*b, -2*k + 3*b + 38 = 0. Let l be o(k). Suppose 0 = 2*w + l*w - 655. What are the prime factors of w?
131
Let r = 7808 - 5385. Suppose -8*m + 1622 = -6*m - 2*c, -3*m = -5*c - r. What are the prime factors of m?
2, 3, 17
Suppose -3 + 3 = -4*u. Suppose -7*m + 568 + 769 = u. What are the prime factors of m?
191
Let v = 38 + -33. Suppose 3*g = -0*g, 5*g - 10 = -v*b. Suppose 210 = -b*l + 5*l + 5*w, -5*l + 5*w + 310 = 0. What are the prime factors of l?
5, 13
Let c(w) = w**3 + 3*w**2 - 3. Let p be c(-2). What are the prime factors of -276*(p/2)/((-12)/24)?
2, 3, 23
Let c = -64 + 64. Let z(n) = 3*n**2 - n - 36. Let d be z(c). What are the prime factors of d/(-16) - 2 - (-503)/4?
2, 3, 7
Let q = -33 - -35. Suppose 1464 = -4*r - q*r. List the prime factors of 2 + -1*(-3 + r/4).
2, 3, 11
Let u = -41 - -45. Suppose u*d - 140 = -4*r, -4*d - 3*r + 5*r = -140. Suppose -3*t + d = -22. List the prime factors of t.
19
Let k = 27805 + -19884. List the prime factors of k.
89
Suppose -109451 = -63*t - 41285. What are the prime factors of t?
2, 541
Let r = -1880 - -2501. Let v(l) = l + 1. Let t be v(4). Suppose -4*p + 5*a + r = 0, t*p + 5*a - 352 = 413. List the prime factors of p.
2, 7, 11
Let c(j) = -j**3 - 21*j**2 + 22*j + 14. Let i = 45 + -67. Let w be c(i). Suppose 15*y - w*y - 121 = 0. What are the prime factors of y?
11
Let p = -105 + 117. Suppose -7*k + p + 1255 = 0. What are the prime factors of k?
181
Suppose 1191 = 7*w + 2*s - 91525, 13249 = w - s. List the prime factors of w.
2, 37, 179
Let f be (-10)/25*5*(-5)/2. Suppose 0*m = f*m - x - 12, 2*x = -3*m + 2. Suppose 0 = -m*y - v + 719 - 114, 5*v = -2*y + 593. What are the prime factors of y?
2, 19
Let p be (184/(-12) - -1)/(2/48). Let m = p - -372. What are the prime factors of m?
2, 7
Suppose -5*s + 5*u + 15260 = 0, 7*s = 4*s - 4*u + 9163. Suppose 15*k - s = 6322. List the prime factors of k.
5
Let o be (6682/260 - (-2)/(-10))/(12/24). Let j = -269 - -475. Let z = j - o. List the prime factors of z.
5, 31
Let p(b) = -b**2 - 6*b - 6. Let r be p(-4). Let n(q) = 9*q - 7*q**3 - 6 + 16*q**3 - 8*q**3 - 12*q**r. What are the prime factors of n(12)?
2, 3, 17
Suppose -6*r + 12 = -2*r, -4*r + 8 = -d. Suppose 2*b + 0*b - 944 = 0. Suppose -9 = -4*h + 7, d*o - b = -h. What are the prime factors of o?
3, 13
List the prime factors of (((-6)/7)/(8/7))/((-3)/7848).
2, 3, 109
Let c = -6 + -26. Let h = c + 212. List the prime factors of h.
2, 3, 5
Let t be 1 - (3 + -2 + -3). Suppose -m = f - 112, -5*f + t*m = -f - 448. What are the prime factors of f?
2, 7
Suppose 0 = 101*v - 102*v + 5569. Suppose 11*b - v = 855. What are the prime factors of b?
2, 73
Let t(u) = 4*u**2 - 1970. What are the prime factors of t(45)?
2, 5, 613
Suppose -3*i + 121647 = -c + 13774, -2*c = -4*i + 143836. What are the prime factors of i?
3, 5, 17, 47
Suppose 95204 - 420958 = -221*q. List the prime factors of q.
2, 11, 67
Suppose 1705 = -39*z + 34*z. Let m = z + 578. What are the prime factors of m?
3, 79
Suppose 0 = -630*v + 619*v + 26202. What are the prime factors of v?
2, 3, 397
Suppose -t - 2*j - 6 = 0, 39*t - 42*t - 5*j = 21. Let d be (7/2)/((-3)/(-18)). List the prime factors of (-2485)/10*t/d.
2, 71
What are the prime factors of -2757*(1 + -4) + (3 - (-2 - 0))?
2, 2069
Let h(p) = 4*p**2 - 67*p - 28. List the prime factors of h(-16).
2, 11, 47
Suppose 0 = -9*u - 11 - 115. Let q(r) = -r**2. Let k(c) = 3*c**2 + 6*c + 2. Let x(d) = -k(d) - 4*q(d). What are the prime factors of x(u)?
2, 139
Let g(w) = 278*w**2 - 19*w - 1. Let m(r) = 139*r**2 - 9*r. Let p(b) = -4*g(b) + 9*m(b). Let q be p(2). Suppose 23*l - 28*l + q = 0. List the prime factors of l.
2, 5, 11
Let a = -8580 - -17439. What are the prime factors of a?
3, 2953
Let i = 239 - 233. Suppose -i*q + 928 = -4*q. What are the prime factors of q?
2, 29
Suppose 234316 = 90*n - 447434. What are the prime factors of n?
3, 5, 101
Suppose -4*y + 259684 + 241707 = 15*y. What are the prime factors of y?
11, 2399
Let c(i) = -i**2 - 13*i - 19. Let m be c(-25). What are the prime factors of (-150829)/m + -1*(-2)/11?
11, 43
Suppose -5*k = 3*w - 16, 4*w + 6 = 2*w. Suppose k*g = -4*v - 181, g = -2*v + 6*g - 53. Let c = v + 181. List the prime factors of c.
2, 71
Let f(u) be the second derivative of -328*u**3/3 + 35*u**2/2 - 165*u. List the prime factors of f(-1).
691
Suppose d = -104 + 25. Let u = 8143 + -8011. Let m = d + u. What are the prime factors of m?
53
Let o = 665 + 639. List the prime factors of o.
2, 163
Suppose g = 5*i - 32442, -3*g - 3842 = -i + 2652. List the prime factors of i.
2, 811
Let h = 221 + 979. List the prime factors of h.
2, 3, 5
Suppose 3*r - 3502 = -4*q, 15*q - 12*q - 3507 = -3*r. Let j = r + -443. List the prime factors of j.
17, 43
Suppose -13*g = 12*g + 13100. List the prime factors of ((-36)/(-144))/((-1)/g).
131
Let x be (-318773)/(-279) - 4/(-9). Let s = x - 667. What are the prime factors of s?
2, 7, 17
Suppose 0 = -5*a + 4*i - 17, -8 = -a - 4*i + i. Let g be (0 - 2 - a)*(-6)/3. Suppose n - 2*v - v = 115, -5*n = g*v - 660. List the prime factors of n.
2, 5, 13
Let r(s) = -4*s**3 + 1. Let o be r(-1). List the prime factors of (608/o)/((-64)/(-800)).
2, 5, 19
Let a = 5689 + 7672. What are the prime factors of a?
31, 431
What are the prime factors of 17576*(-20 + 712/32)?
2, 3, 13
Suppose -4*k + 8*k + 48 = 0. Let v = k + -267. Let t = v - -437. List the prime factors of t.
2, 79
Suppose 0 = 31*p + 104*p - 41*p - 6046550. List the prime factors of p.
5, 31, 83
Let b(x) = -x - 3. Let l(w) = -16*w - 5. Let q(n) = 4*b(n) + l(n). List the prime factors of q(-16).
3, 101
Suppose 19*f - 20*f - 3 = 4*i, 0 = 2*i + f + 3. Suppose i = -37*l + 30*l + 1561. What are the prime factors of l?
223
What are the prime factors of (-79280)/(-14)*2 - (-202)/707?
2, 7, 809
Let k(s) = 134*s**2 + 10*s - 7. List the prime factors of k(9).
10937
Let b(k) = -k**2 + 52*k - 57. Let g be b(23). Let h = -252 + g. List the prime factors of h.
2, 179
Let z = -44073 - -77763. What are the prime factors of z?
2, 3, 5, 1123
Suppose 529 = 5*a - 3511. Suppose -a = -6*u + 1118. List the prime factors of u.
3, 107
Suppose 0 = -u - 4*l + 4303, 5*u - 2*l = 8534 + 12849. What are the prime factors of u?
11, 389
Suppose 2590 = 3*n + 11*n. Suppose -n = 3*o - 8*o. Suppose -4*w + o = -31. What are the prime factors of w?
17
Suppose 58*z + 831 = 61*z. Suppose -8*i - z = -2901. What are the prime factors of i?
2, 41
Let y(v) = 1580*v + 1129. What are the prime factors of y(4)?
3, 13, 191
List the prime factors of (-55985)/5*3/(-4) + 71/284.
2, 13, 17, 19
Let j(i) = 27 - 91 - 96 - 16 - 23 + 65*i. List the prime factors of j(11).
2, 3, 43
Suppose u + 3*y = -181, 3*u + 573 = 7*y - 6*y. Let j = -22 - u. List the prime factors of j.
2, 3, 7
Let g(j) = -11948*j - 379. What are the prime factors of g(-3)?
5, 41, 173
Suppose 50*p - 7530 = -45*p + 89*p. List the prime factors of p.
5, 251
Suppose 3*k + 559 = 4*i - 225, -4*i + 784 = 16*k. List the prime factors of i.
2, 7
What are the prime factors of (-24)/(-21)*(((-2840886)/4)/(-27) - -5)?
2, 7517
Let t(z) = -z**3 + 15*z**2 + 13*z - 23. Let s be t(14). Let j = s + -140. Suppose 5*r - 395 = -2*l, 0 = 5*r - 5*l - 145 - j. List the prime factors of r.
7, 11
Let q = 60 - 56. Let o be 30*(q - (-176)/(-12)). List the prime factors of (7 - o)/((-2)/((-8)/6)).
2, 109
List the prime factors of (-96)/(18/(-63360)*8).
2, 3, 5, 11
Suppose 6